ided by 6.
4
What is the remainder when 143944 is divided by 10097?
2586
What is the remainder when 201732 is divided by 750?
732
Calculate the remainder when 172846 is divided by 57595.
61
Calculate the remainder when 154456 is divided by 2403.
664
What is the remainder when 3829900 is divided by 198?
184
What is the remainder when 18129379 is divided by 79?
64
Calculate the remainder when 1205843 is divided by 150727.
27
What is the remainder when 1472314 is divided by 368067?
46
Calculate the remainder when 162327 is divided by 11549.
641
Calculate the remainder when 21552 is divided by 12280.
9272
Calculate the remainder when 12181647 is divided by 376.
375
What is the remainder when 4179362 is divided by 2089674?
14
What is the remainder when 9389358 is divided by 557?
9
What is the remainder when 126318728 is divided by 1581?
1571
What is the remainder when 919 is divided by 569?
350
Calculate the remainder when 48128272 is divided by 45.
7
Calculate the remainder when 95329984 is divided by 78.
22
What is the remainder when 874091 is divided by 827?
779
Calculate the remainder when 14580818 is divided by 989.
980
Calculate the remainder when 2875796 is divided by 8508.
92
What is the remainder when 344454 is divided by 4145?
419
What is the remainder when 696966 is divided by 2701?
108
What is the remainder when 354207 is divided by 39262?
849
Calculate the remainder when 5364690 is divided by 3154.
2890
What is the remainder when 5262558 is divided by 103?
82
What is the remainder when 124194 is divided by 62050?
94
Calculate the remainder when 1398426 is divided by 349605.
6
What is the remainder when 46960 is divided by 1423?
1
Calculate the remainder when 131230 is divided by 32806.
6
Calculate the remainder when 10095 is divided by 4699.
697
Calculate the remainder when 383447 is divided by 127744.
215
Calculate the remainder when 7604722 is divided by 8284.
10
What is the remainder when 615633 is divided by 51152?
1809
What is the remainder when 18704215 is divided by 3314?
3313
Calculate the remainder when 18992184 is divided by 44.
24
What is the remainder when 801244 is divided by 13578?
142
Calculate the remainder when 2364308 is divided by 787984.
356
Calculate the remainder when 4979411 is divided by 122.
103
Calculate the remainder when 237478 is divided by 15818.
208
Calculate the remainder when 59003 is divided by 1017.
17
What is the remainder when 7109003 is divided by 229322?
21
What is the remainder when 781295764 is divided by 260431917?
13
What is the remainder when 10541157 is divided by 64?
37
What is the remainder when 2384794 is divided by 44?
38
Calculate the remainder when 5045530 is divided by 1974.
1960
What is the remainder when 30847869 is divided by 134?
131
What is the remainder when 45091807 is divided by 27?
25
Calculate the remainder when 384104 is divided by 220.
204
Calculate the remainder when 31735 is divided by 5759.
2940
Calculate the remainder when 13223425 is divided by 2644684.
5
Calculate the remainder when 214363 is divided by 214295.
68
Calculate the remainder when 346779 is divided by 342.
333
Calculate the remainder when 147906 is divided by 4217.
311
What is the remainder when 2124704 is divided by 1035?
884
What is the remainder when 69166 is divided by 9619?
1833
What is the remainder when 27377828 is divided by 529?
491
What is the remainder when 982472 is divided by 4817?
4621
Calculate the remainder when 75938 is divided by 2742.
1904
Calculate the remainder when 529250 is divided by 651.
638
Calculate the remainder when 354401 is divided by 17664.
1121
Calculate the remainder when 10960774 is divided by 36.
34
What is the remainder when 49774 is divided by 2913?
253
What is the remainder when 486785454 is divided by 299?
298
What is the remainder when 13248213 is divided by 2611?
2610
Calculate the remainder when 170448 is divided by 121.
80
What is the remainder when 63595252 is divided by 1798?
1790
What is the remainder when 38480835 is divided by 4275647?
12
What is the remainder when 3547766 is divided by 299?
131
What is the remainder when 94839039 is divided by 20?
19
What is the remainder when 49729 is divided by 9907?
194
Calculate the remainder when 13547059 is divided by 101.
30
Calculate the remainder when 304849439 is divided by 40.
39
What is the remainder when 35903 is divided by 3753?
2126
Calculate the remainder when 58464 is divided by 3658.
3594
Calculate the remainder when 82634785 is divided by 20.
5
Calculate the remainder when 501680 is divided by 15.
5
Calculate the remainder when 51810 is divided by 1898.
564
What is the remainder when 695898 is divided by 92?
10
What is the remainder when 230851 is divided by 3842?
331
Calculate the remainder when 395774092 is divided by 6186.
6184
Calculate the remainder when 2280095 is divided by 6016.
31
What is the remainder when 127140 is divided by 295?
290
What is the remainder when 111786 is divided by 894?
36
What is the remainder when 126881578 is divided by 7?
5
Calculate the remainder when 321644 is divided by 633.
80
What is the remainder when 437798 is divided by 1291?
149
Calculate the remainder when 2903849 is divided by 263985.
14
What is the remainder when 19887852 is divided by 343?
26
Calculate the remainder when 285754 is divided by 843.
820
Calculate the remainder when 14547530 is divided by 23.
7
What is the remainder when 23984013 is divided by 56?
53
Calculate the remainder when 1717563 is divided by 21203.
120
Calculate the remainder when 32149 is divided by 168.
61
Calculate the remainder when 5595667 is divided by 98169.
34
What is the remainder when 2058220 is divided by 12?
4
Calculate the remainder when 6473501 is divided by 161837.
21
Calculate the remainder when 35771 is divided by 2099.
88
Calculate the remainder when 528156199 is divided by 8437.
8436
What is the remainder when 110567 is divided by 1497?
1286
What is the remainder when 100588769 is divided by 1854?
1853
Calculate the remainder when 783160 is divided by 1301.
1259
Calculate the remainder when 1868470 is divided by 2051.
9
What is the remainder when 4974089 is divided by 2487031?
27
Calculate the remainder when 367629 is divided by 28174.
1367
Calculate the remainder when 2831857 is divided by 943945.
22
Calculate the remainder when 74335 is divided by 72498.
1837
Calculate the remainder when 2305418 is divided by 2177.
2152
Calculate the remainder when 3187408 is divided by 265606.
136
What is the remainder when 1968411 is divided by 14800?
11
What is the remainder when 10215440 is divided by 470?
460
What is the remainder when 334359067 is divided by 739?
734
What is the remainder when 1439134 is divided by 451?
444
What is the remainder when 2920 is divided by 1433?
54
Calculate the remainder when 30716 is divided by 4953.
998
What is the remainder when 7076500 is divided by 3538246?
8
What is the remainder when 37688520 is divided by 21598?
10
Calculate the remainder when 660968 is divided by 12707.
204
Calculate the remainder when 47122237 is divided by 704.
701
What is the remainder when 159232 is divided by 157364?
1868
Calculate the remainder when 1651816 is divided by 7903.
89
What is the remainder when 135923 is divided by 1344?
179
Calculate the remainder when 68589166 is divided by 34294577.
12
What is the remainder when 9202029 is divided by 35529?
18
What is the remainder when 2018023 is divided by 4922?
3
Calculate the remainder when 5901430 is divided by 92.
90
What is the remainder when 3265163 is divided by 79638?
5
Calculate the remainder when 297774 is divided by 99247.
33
Calculate the remainder when 11482172 is divided by 841.
840
What is the remainder when 2292722 is divided by 13647?
26
Calculate the remainder when 92283 is divided by 453.
324
Calculate the remainder when 17100 is divided by 5424.
828
Calculate the remainder when 4691373 is divided by 16346.
71
Calculate the remainder when 49187 is divided by 1828.
1659
What is the remainder when 60989046 is divided by 2986?
2982
Calculate the remainder when 76111 is divided by 10787.
602
Calculate the remainder when 3701442 is divided by 528763.
101
What is the remainder when 19314354 is divided by 549?
534
What is the remainder when 5815665 i